ed by 57?
22
What is the remainder when 29 is divided by 15?
14
Calculate the remainder when 7645 is divided by 16.
13
What is the remainder when 152 is divided by 44?
20
Calculate the remainder when 3550 is divided by 30.
10
Calculate the remainder when 2511 is divided by 38.
3
What is the remainder when 216 is divided by 106?
4
Calculate the remainder when 1174 is divided by 6.
4
Calculate the remainder when 1376 is divided by 153.
152
Calculate the remainder when 56 is divided by 19.
18
What is the remainder when 235 is divided by 59?
58
Calculate the remainder when 3206 is divided by 1065.
11
Calculate the remainder when 3874 is divided by 169.
156
Calculate the remainder when 195 is divided by 33.
30
Calculate the remainder when 174 is divided by 31.
19
Calculate the remainder when 388 is divided by 95.
8
Calculate the remainder when 252 is divided by 16.
12
What is the remainder when 317 is divided by 65?
57
Calculate the remainder when 188 is divided by 21.
20
Calculate the remainder when 1617 is divided by 60.
57
What is the remainder when 159 is divided by 4?
3
What is the remainder when 269 is divided by 66?
5
What is the remainder when 269 is divided by 69?
62
Calculate the remainder when 357 is divided by 18.
15
What is the remainder when 258 is divided by 52?
50
What is the remainder when 1245 is divided by 32?
29
Calculate the remainder when 238 is divided by 31.
21
What is the remainder when 53 is divided by 1?
0
Calculate the remainder when 417 is divided by 19.
18
Calculate the remainder when 1238 is divided by 40.
38
Calculate the remainder when 104 is divided by 51.
2
What is the remainder when 488 is divided by 100?
88
What is the remainder when 337 is divided by 20?
17
Calculate the remainder when 217 is divided by 17.
13
Calculate the remainder when 13629 is divided by 8.
5
Calculate the remainder when 77 is divided by 14.
7
Calculate the remainder when 89 is divided by 67.
22
Calculate the remainder when 177 is divided by 26.
21
Calculate the remainder when 87 is divided by 58.
29
Calculate the remainder when 198 is divided by 25.
23
Calculate the remainder when 183 is divided by 8.
7
What is the remainder when 1024 is divided by 111?
25
Calculate the remainder when 196 is divided by 141.
55
What is the remainder when 178 is divided by 169?
9
Calculate the remainder when 275 is divided by 18.
5
Calculate the remainder when 434 is divided by 93.
62
Calculate the remainder when 337 is divided by 4.
1
What is the remainder when 35 is divided by 20?
15
What is the remainder when 54 is divided by 43?
11
What is the remainder when 590 is divided by 33?
29
Calculate the remainder when 330 is divided by 105.
15
What is the remainder when 3202 is divided by 18?
16
Calculate the remainder when 95 is divided by 7.
4
What is the remainder when 301 is divided by 84?
49
What is the remainder when 627 is divided by 70?
67
What is the remainder when 212 is divided by 74?
64
Calculate the remainder when 355 is divided by 41.
27
What is the remainder when 9468 is divided by 17?
16
Calculate the remainder when 209 is divided by 107.
102
Calculate the remainder when 106 is divided by 11.
7
What is the remainder when 40 is divided by 15?
10
What is the remainder when 290 is divided by 42?
38
What is the remainder when 749 is divided by 91?
21
What is the remainder when 84 is divided by 53?
31
Calculate the remainder when 278 is divided by 67.
10
Calculate the remainder when 2536 is divided by 232.
216
Calculate the remainder when 1331 is divided by 663.
5
Calculate the remainder when 40 is divided by 26.
14
What is the remainder when 707 is divided by 126?
77
What is the remainder when 194 is divided by 93?
8
Calculate the remainder when 94 is divided by 30.
4
Calculate the remainder when 379 is divided by 46.
11
What is the remainder when 253 is divided by 8?
5
Calculate the remainder when 230 is divided by 134.
96
Calculate the remainder when 167 is divided by 3.
2
Calculate the remainder when 1790 is divided by 56.
54
What is the remainder when 245 is divided by 137?
108
What is the remainder when 18691 is divided by 93?
91
What is the remainder when 785 is divided by 38?
25
What is the remainder when 1194 is divided by 201?
189
What is the remainder when 1889 is divided by 90?
89
Calculate the remainder when 1812 is divided by 203.
188
What is the remainder when 2841 is divided by 57?
48
What is the remainder when 1401 is divided by 23?
21
What is the remainder when 374 is divided by 178?
18
Calculate the remainder when 415 is divided by 26.
25
Calculate the remainder when 6395 is divided by 27.
23
Calculate the remainder when 148 is divided by 83.
65
Calculate the remainder when 1572 is divided by 781.
10
Calculate the remainder when 103 is divided by 6.
1
What is the remainder when 226 is divided by 50?
26
What is the remainder when 781 is divided by 23?
22
What is the remainder when 840 is divided by 6?
0
What is the remainder when 790 is divided by 79?
0
What is the remainder when 43 is divided by 13?
4
What is the remainder when 65 is divided by 64?
1
What is the remainder when 1167 is divided by 18?
15
What is the remainder when 723 is divided by 25?
23
What is the remainder when 124 is divided by 42?
40
What is the remainder when 341 is divided by 93?
62
Calculate the remainder when 659 is divided by 165.
164
Calculate the remainder when 46 is divided by 14.
4
What is the remainder when 271 is divided by 62?
23
What is the remainder when 132 is divided by 31?
8
Calculate the remainder when 637 is divided by 80.
77
Calculate the remainder when 1562 is divided by 261.
257
Calculate the remainder when 366 is divided by 110.
36
Calculate the remainder when 2253 is divided by 94.
91
Calculate the remainder when 3130 is divided by 32.
26
What is the remainder when 128 is divided by 12?
8
Calculate the remainder when 434 is divided by 88.
82
Calculate the remainder when 223 is divided by 35.
13
Calculate the remainder when 149 is divided by 13.
6
What is the remainder when 68 is divided by 25?
18
What is the remainder when 1193 is divided by 11?
5
Calculate the remainder when 331 is divided by 139.
53
What is the remainder when 1197 is divided by 297?
9
What is the remainder when 456 is divided by 40?
16
What is the remainder when 215 is divided by 88?
39
Calculate the remainder when 1965 is divided by 16.
13
Calculate the remainder when 59 is divided by 15.
14
What is the remainder when 191 is divided by 24?
23
What is the remainder when 54 is divided by 7?
5
What is the remainder when 34 is divided by 5?
4
What is the remainder when 54012 is divided by 13?
10
Calculate the remainder when 1897 is divided by 19.
16
What is the remainder when 4039 is divided by 101?
100
What is the remainder when 560 is divided by 50?
10
Calculate the remainder when 104 is divided by 16.
8
Calculate the remainder when 1195 is divided by 398.
1
What is the remainder when 373 is divided by 322?
51
What is the remainder when 311 is divided by 13?
12
What is the remainder when 211 is divided by 2?
1
Calculate the remainder when 8438 is divided by 162.
14
Calculate the remainder when 371 is divided by 12.
11
What is the remainder when 2027 is divided by 975?
77
Calculate the remainder when 1287 is divided by 15.
12
Calculate the remainder when 7236 is divided by 142.
136
Calculate the remainder when 3236 is divided by 36.
32
Calculate the remainder when 633 is divided by 71.
65
What is the remainder when 65 is divided by 22?
21
What is the remainder when 1130 is divided by 87?
86
What is the remainder when 524 is divided by 44?
40
Calculate the remainder when 238 is divided by 16.
14
What is the remainder when 81 is divided by 23?
12
What is the remainder when 778 is divided by 159?
142
What is the remainder when 636 is divided by 165?
141
Calculate the remainder when 192 is divided by 85.
22
What is the remainder when 54 is divided by 27?
0
Calculate the remainder when 886 is divided by 240.
166
Calculate the remainder when 697 is divided by 13.
8
What is the remainder when 1430 is divided by 353?
18
Calculate the remainder when 29159 is divided by 5.
4
Calculate the remainder when 295 is divided by 36.
7
Calculate the remainder when 123 is divided by 7.